{"id":6141,"date":"2023-11-03T11:54:27","date_gmt":"2023-11-03T10:54:27","guid":{"rendered":"https:\/\/lanouvellevague.iziweb.solutions\/?page_id=6141"},"modified":"2023-11-03T16:36:13","modified_gmt":"2023-11-03T15:36:13","slug":"espa","status":"publish","type":"page","link":"https:\/\/lanouvellevague.iziweb.solutions\/index.php\/espa\/","title":{"rendered":"Espace Restaurateur"},"content":{"rendered":"\t\t<div data-elementor-type=\"wp-page\" data-elementor-id=\"6141\" class=\"elementor elementor-6141\">\n\t\t\t\t\t\t\t\t\t<section class=\"elementor-section elementor-top-section elementor-element elementor-element-4a097f1 elementor-section-boxed elementor-section-height-default elementor-section-height-default\" data-id=\"4a097f1\" data-element_type=\"section\" data-settings=\"{&quot;background_background&quot;:&quot;classic&quot;}\">\n\t\t\t\t\t\t<div class=\"elementor-container elementor-column-gap-default\">\n\t\t\t\t\t<div class=\"elementor-column elementor-col-50 elementor-top-column elementor-element elementor-element-56180f11\" data-id=\"56180f11\" data-element_type=\"column\">\n\t\t\t<div class=\"elementor-widget-wrap elementor-element-populated\">\n\t\t\t\t\t\t\t\t<div class=\"elementor-element elementor-element-7a8c750c elementor-widget__width-initial elementor-widget elementor-widget-ld_fancy_image\" data-id=\"7a8c750c\" data-element_type=\"widget\" data-widget_type=\"ld_fancy_image.default\">\n\t\t\t\t<div class=\"elementor-widget-container\">\n\t\t\t\n\t\t<div class=\"lqd-imggrp-single d-block pos-rel \">\n\t\t\t<div class=\"lqd-imggrp-img-container d-inline-flex pos-rel align-items-center justify-content-center \">\n\t\t\t\t\t\t\t\t<figure class=\"w-100 pos-rel\">\n\t\t\t\t\t<img fetchpriority=\"high\" decoding=\"async\" width=\"768\" height=\"1024\" src=\"https:\/\/lanouvellevague.iziweb.solutions\/wp-content\/uploads\/2023\/11\/Absolute_Reality_v16_bateau_de_pcheur_avec_des_lments_violet_4_0.jpg\" class=\"attachment-full size-full wp-image-6144\" alt=\"\" srcset=\"https:\/\/lanouvellevague.iziweb.solutions\/wp-content\/uploads\/2023\/11\/Absolute_Reality_v16_bateau_de_pcheur_avec_des_lments_violet_4_0.jpg 768w, https:\/\/lanouvellevague.iziweb.solutions\/wp-content\/uploads\/2023\/11\/Absolute_Reality_v16_bateau_de_pcheur_avec_des_lments_violet_4_0-225x300.jpg 225w, https:\/\/lanouvellevague.iziweb.solutions\/wp-content\/uploads\/2023\/11\/Absolute_Reality_v16_bateau_de_pcheur_avec_des_lments_violet_4_0-600x800.jpg 600w\" sizes=\"(max-width: 768px) 100vw, 768px\" itemprop=\"image\" \/>\t\t\t\t\t\t\t\t\t\t\t\t\t\t\t\t\t\t\t\t\t\t\t\t\t\t\t\t\t<\/figure>\n\t\t\t<\/div>\n\t\t<\/div>\n\n\t\t\t<\/div>\n\t\t\t\t<\/div>\n\t\t\t\t\t<\/div>\n\t\t<\/div>\n\t\t\t\t<div class=\"elementor-column elementor-col-50 elementor-top-column elementor-element elementor-element-ce177ae\" data-id=\"ce177ae\" data-element_type=\"column\">\n\t\t\t<div class=\"elementor-widget-wrap elementor-element-populated\">\n\t\t\t\t\t\t\t\t<div class=\"elementor-element elementor-element-4c1a0718 elementor-widget elementor-widget-hub_fancy_heading\" data-id=\"4c1a0718\" data-element_type=\"widget\" data-widget_type=\"hub_fancy_heading.default\">\n\t\t\t\t<div class=\"elementor-widget-container\">\n\t\t\t\n\t\t<div id=\"ld-fancy-heading-69e21e7965224\" class=\"ld-fancy-heading pos-rel\">\n\t\t\t<h2 class=\"ld-fh-element d-inline-block pos-rel  elementor-heading-title lqd-highlight-classic lqd-highlight-grow-left h2\"  > Devenir client pro chez La Nouvelle Vague<\/h2>\t\t<\/div>\n\n\t\t\t\t<\/div>\n\t\t\t\t<\/div>\n\t\t\t\t<div class=\"elementor-element elementor-element-4288f23d elementor-widget elementor-widget-hub_fancy_heading\" data-id=\"4288f23d\" data-element_type=\"widget\" data-widget_type=\"hub_fancy_heading.default\">\n\t\t\t\t<div class=\"elementor-widget-container\">\n\t\t\t\n\t\t<div id=\"ld-fancy-heading-69e21e7965cea\" class=\"ld-fancy-heading pos-rel\">\n\t\t\t<p class=\"ld-fh-element d-inline-block pos-rel  lqd-highlight-classic lqd-highlight-grow-left p\"  > Avec Ma Poissonni\u00e8re, en tant que professionnel (Restaurateurs, Traiteurs, Chef \u00e0 domicile\u2026), vous b\u00e9n\u00e9ficiez de conditions privil\u00e9gi\u00e9es d\u00e8s votre inscription  sur notre site internet. <br>\n<br>\n\nApr\u00e8s vous \u00eatre identifi\u00e9 avec les informations de votre entreprise (Raison Sociale, Siret\u2026), vous aurez acc\u00e8s \u00e0 l\u2019int\u00e9gralit\u00e9 de notre gamme de poisson frais d\u2019eau douce et de mer, traiteur, fruits de mer et crustac\u00e9s, hu\u00eetres ...\n\n<\/p>\t\t<\/div>\n\n\t\t\t\t<\/div>\n\t\t\t\t<\/div>\n\t\t\t\t\t<\/div>\n\t\t<\/div>\n\t\t\t\t\t\t\t<\/div>\n\t\t<\/section>\n\t\t\t\t\t\t\t<\/div>\n\t\t","protected":false},"excerpt":{"rendered":"<p>Devenir client pro chez La Nouvelle Vague Avec Ma Poissonni\u00e8re, en tant que professionnel (Restaurateurs, Traiteurs, Chef \u00e0 domicile\u2026), vous b\u00e9n\u00e9ficiez de conditions privil\u00e9gi\u00e9es d\u00e8s votre inscription sur notre site internet. Apr\u00e8s vous \u00eatre identifi\u00e9 avec les informations de votre entreprise (Raison Sociale, Siret\u2026), vous aurez acc\u00e8s \u00e0 l\u2019int\u00e9gralit\u00e9 de notre gamme de poisson frais [&hellip;]<\/p>\n","protected":false},"author":1,"featured_media":0,"parent":0,"menu_order":0,"comment_status":"closed","ping_status":"closed","template":"","meta":{"footnotes":""},"class_list":["post-6141","page","type-page","status-publish","hentry"],"_links":{"self":[{"href":"https:\/\/lanouvellevague.iziweb.solutions\/index.php\/wp-json\/wp\/v2\/pages\/6141","targetHints":{"allow":["GET"]}}],"collection":[{"href":"https:\/\/lanouvellevague.iziweb.solutions\/index.php\/wp-json\/wp\/v2\/pages"}],"about":[{"href":"https:\/\/lanouvellevague.iziweb.solutions\/index.php\/wp-json\/wp\/v2\/types\/page"}],"author":[{"embeddable":true,"href":"https:\/\/lanouvellevague.iziweb.solutions\/index.php\/wp-json\/wp\/v2\/users\/1"}],"replies":[{"embeddable":true,"href":"https:\/\/lanouvellevague.iziweb.solutions\/index.php\/wp-json\/wp\/v2\/comments?post=6141"}],"version-history":[{"count":7,"href":"https:\/\/lanouvellevague.iziweb.solutions\/index.php\/wp-json\/wp\/v2\/pages\/6141\/revisions"}],"predecessor-version":[{"id":6217,"href":"https:\/\/lanouvellevague.iziweb.solutions\/index.php\/wp-json\/wp\/v2\/pages\/6141\/revisions\/6217"}],"wp:attachment":[{"href":"https:\/\/lanouvellevague.iziweb.solutions\/index.php\/wp-json\/wp\/v2\/media?parent=6141"}],"curies":[{"name":"wp","href":"https:\/\/api.w.org\/{rel}","templated":true}]}}